 is divided by 17.
15
Let z(b) = b - 9. Let t be z(14). Let p be 2 + -5 - (t - -1). Let k(i) = i**3 + 9*i**2 - i + 15. What is the remainder when k(p) is divided by 9?
6
Let g(s) = -s**2 + 8*s - 6. What is the remainder when g(6) is divided by 45/27 + ((-1)/(-3) - 1)?
0
Let x(m) = -58*m + 595. Calculate the remainder when 23 is divided by x(10).
8
Let w(u) = 12*u**3 + 7 - 38*u**3 - u + 14*u**3 + u**2 + 11*u**3. What is the remainder when 12 is divided by w(0)?
5
Let c be ((-2)/(-10))/(3/15). Let h be -1 + 0/c + 1. Suppose 0 = -h*i + 4*i - 96. What is the remainder when i is divided by 7?
3
Calculate the remainder when 13 - 7 - (-197)/(-2)*-2 is divided by 30.
23
Let n = 95 + 135. What is the remainder when n is divided by (-5 - (-82)/16) + (-5250)/(-112)?
42
Suppose -7*r - 362 = -1622. Calculate the remainder when r is divided by 9.
0
Suppose 8*o + 44 - 732 = 0. What is the remainder when o is divided by 22?
20
Let t = -2 - -14. Let s be ((-6)/4)/((-6)/36). What is the remainder when 2/s - 3245/(-99) is divided by t?
9
Suppose -5*c = 5*p - 130, -5*c + 2*c - 76 = -4*p. What is the remainder when 130 is divided by p?
20
Suppose 0 = -n - 2*n. Suppose -8 + n = -c. Calculate the remainder when 38 is divided by c.
6
Let q(o) = o**2 - 3*o + 3. Suppose 76 = 3*w + 4*u, -4*u + 2*u = 10. Calculate the remainder when w is divided by q(4).
4
Suppose -4*f - 28 = -168. Calculate the remainder when f is divided by (2/((-8)/(-76)))/1.
16
Let v = 32 + -16. What is the remainder when v is divided by (-28)/(-6)*3/2?
2
Let h = -7 + 10. Let g = -100 + 161. Suppose 4*n = h*b + g, -n - b + 18 = b. Calculate the remainder when 45 is divided by n.
13
Let v = 22 + 86. Suppose -342 = -114*j + v*j. What is the remainder when j is divided by 15?
12
Suppose 197 + 267 = 2*x + 3*j, j - 468 = -2*x. What is the remainder when x is divided by 8?
3
Suppose -v + 5 = -6. Let u = v - -3. Suppose 0 = 2*h + 2*h - 100. What is the remainder when h is divided by u?
11
Suppose -5*y + z = -260, -20 = 3*z - 7*z. Calculate the remainder when 368 is divided by y.
50
Let z = -1341 + 1496. Calculate the remainder when z is divided by 57.
41
Let p = 65 - -4. Let b = p - 20. Calculate the remainder when b is divided by 2/6*(36 - -3).
10
Suppose 14*s - 17*s + 554 = 5*g, 5*g = 4*s - 727. What is the remainder when s is divided by 11?
7
Let r(j) = -j**2 + 14*j + 39. Calculate the remainder when 89 is divided by r(9).
5
Let i be 5 - (-1)/(-4)*0. Suppose 9*f = 4*f - 2*q + 109, 0 = -i*q + 10. Calculate the remainder when 13 is divided by (-1 + 2)/(3/f).
6
Let z(l) = -2*l + 79. Let r(w) = w**3 + 7*w**2 + 3*w - 3. Let j be r(-6). Calculate the remainder when (-16)/5*j/(-2) is divided by z(36).
3
Let q(s) = 9 + 5*s**2 - 4*s**2 - 15*s - s**3 - 17*s**2. What is the remainder when 33 is divided by q(-15)?
6
Let l(b) = -2*b**2 - 21*b. What is the remainder when 59 is divided by l(-10)?
9
Let t(a) = 26*a**3 - 2*a**2 + a + 1. Calculate the remainder when 125 is divided by t(1).
21
Suppose -19*m + 63 = -12*m. Calculate the remainder when 26 is divided by m.
8
Let h = -844 - -845. Calculate the remainder when 50 is divided by h.
0
Let z = 19 + -11. Suppose c + 4*c = -3*h - 19, -h = -2*c - 12. Suppose -30 = h*k - 4*k. What is the remainder when k is divided by z?
7
Suppose -w + 101 = 11. Suppose -n + w = n. Calculate the remainder when n is divided by (-2)/3 + -3 + 166/6.
21
Let o(p) = -2*p**2 - p + 1. Let f be o(-1). Suppose f = -i + 22 - 4. Calculate the remainder when i is divided by 9.
0
Suppose -16728 = -398*d + 390*d. Calculate the remainder when d is divided by 13.
11
Suppose -2*w + 303 - 97 = 0. Let q = -37 + w. What is the remainder when q is divided by 36?
30
Let m be (-14)/(-5)*(-15)/6. Suppose 336 = 3*l + l. Let x = l - m. What is the remainder when x is divided by 23?
22
Let a = 40 - 27. Suppose -7*g = -6*g - a. Suppose -2*d + 3 = -1, -o + 47 = 5*d. Calculate the remainder when o is divided by g.
11
Let l(z) = 2*z**2 - 9*z - 7. Calculate the remainder when l(-6) is divided by 21.
14
Let y = 134 + -114. Suppose 23 = -w + 5*h - 2*h, 4*w - 2*h + 42 = 0. Calculate the remainder when 2 is divided by (y/w)/5*-2.
0
Let i = -125 + 219. What is the remainder when i is divided by 21?
10
Suppose -1815 - 21 = -36*y. What is the remainder when y is divided by 26?
25
Let v(d) = d**2 - 3*d + 2. Let h be v(2). Suppose -3*j = -3*w - 9, 2*j + 0*j + 4*w = h. Suppose j*t = 24 + 32. Calculate the remainder when t is divided by 10.
8
What is the remainder when 55 is divided by (-5)/15 + ((-464)/3)/(-8)?
17
Suppose -5*z + 305 = -5*v, 2*v - 133 = -2*z - 31. Let c = z + -44. Calculate the remainder when 34 is divided by c.
10
Suppose -d - z + 11 = -0*d, 5*z + 17 = 4*d. Suppose -5*n - 333 = -d*n. Calculate the remainder when n is divided by 19.
16
Let b(i) = -i**3 + i - 1. Let d(l) = 6*l**3 + 8*l**2 - 13*l - 7. Let q(y) = -5*b(y) - d(y). Let a = 59 + 1. What is the remainder when a is divided by q(-9)?
18
Let x = -2 - 2. Calculate the remainder when 21 is divided by 168/16 + (-2)/x.
10
Suppose 5*a + 10 = 0, 4*s - 4*a - 10 = a. Suppose s*l = 5*l - 295. What is the remainder when l is divided by 10?
9
Let h = 149 + -99. Let w = h - 39. Calculate the remainder when 42 is divided by w.
9
What is the remainder when 66 is divided by (-5418)/(-147) + (-6)/7?
30
Let l = -60 + 71. Suppose 184 = 4*q - 4*i, 2*i = -2*q - 2*i + 68. What is the remainder when q is divided by l?
9
Let x be (-5)/(-90)*3 - 46/(-12). Suppose -41*l - x = -45*l. Calculate the remainder when 10 is divided by l.
0
Let m = -150 + 255. What is the remainder when m is divided by 22?
17
Suppose 120 = -3*a + 8*a. What is the remainder when 3324/14 + 124/(-28) + 4 is divided by a?
21
Suppose 0 = 6*o + 487 - 1279. Suppose 0 = -2*a - 12 + o. What is the remainder when a is divided by 23?
14
Calculate the remainder when 316 is divided by ((-8)/14)/((-79)/5530).
36
Suppose 4*h - 5 = -x, 4*h - x = 3*h + 5. Suppose -h*f + 6 = -8. Let l = -4 - -29. What is the remainder when l is divided by f?
4
What is the remainder when -9 + 37 - 11 - -7 is divided by 58/6 + (-8)/12?
6
Let h = -1129 - -1525. Calculate the remainder when h is divided by 55.
11
Let j = 481 + -310. Calculate the remainder when j is divided by 58.
55
Let b(c) = -c**3 + c**2 - 6*c + 1. Let f be b(4). Let n = f - -117. Calculate the remainder when n is divided by 16.
14
Let a = 79 - -7. Calculate the remainder when a is divided by 44.
42
Suppose r = -40 + 42. Suppose 5*h + 13 = 2*o - 18, -2*o - r*h - 4 = 0. Suppose -o*x + 57 = 3. What is the remainder when 35 is divided by x?
17
Let d(p) = p**3 + 5*p**2 - 8*p - 7. Let l be d(-6). Suppose -5*h = -l - 260. Let a = 78 - h. Calculate the remainder when a is divided by 13.
12
Let f = 24 + -22. Suppose -j = -f*a + 60, -3*a + 72 = 7*j - 4*j. Suppose 3*g + 4*k - a = 6, -2*g = -5*k - 15. What is the remainder when 26 is divided by g?
6
Suppose 0 = 2*r - 4 - 6. Suppose -r*q + 4*x + 67 + 67 = 0, 2*q = x + 56. What is the remainder when 59 is divided by q?
29
Let h be (-9)/(-15)*(2 - -8). What is the remainder when -2 - 42/(-28)*332/h is divided by 21?
18
What is the remainder when (1600/(-4) + -1)*(-19 + 17) is divided by 31?
27
Let s = 20 + -15. Suppose -4*h = 4*u - 87 - 25, -5*h - 130 = -s*u. Calculate the remainder when u is divided by 16.
11
Let t(b) = 3*b + 3*b - 5*b. Let j(i) = i**3 + 4*i**2 - 3. Let m be j(-3). What is the remainder when t(m) is divided by 4?
2
Let d(h) = h**2 - 9*h - 15. Suppose -19*y + 3*y - 48 = 0. What is the remainder when ((-2)/2)/((-1)/41) is divided by d(y)?
20
Suppose -2*k - 145 = -7*k + v, 3*k + 3*v = 105. Let x = k - 11. Suppose 0 = -2*h - 0*h + 70. Calculate the remainder when h is divided by x.
16
Calculate the remainder when 694 is divided by (0 + -2)*(-204)/24.
14
Let c be (-40)/7 - 2/7. What is the remainder when 5 is divided by (2/(-4))/(1/c)?
2
Calculate the remainder when 349 is divided by 32/(-224) + 57/7.
5
Let w(j) = j**3 - 17*j**2 - 6*j + 13. Calculate the remainder when w(18) is divided by 13.
8
Suppose 4*t - 80 = -0*t. What is the remainder when (3/(-3) - 6)*(-78)/7 is divided by t?
18
Let v be 27/4 + 2/8. Suppose 5 - v = -c. What is the remainder when (2 - 3) + c + 24 is divided by 9?
7
Suppose -2*s - 5*q + 15 = -6*q, -4